{"id":69,"date":"2023-10-08T19:55:33","date_gmt":"2023-10-08T17:55:33","guid":{"rendered":"https:\/\/mademoiselle-deora.fr\/?page_id=69"},"modified":"2023-10-10T23:18:16","modified_gmt":"2023-10-10T21:18:16","slug":"pratiques-et-offrandes","status":"publish","type":"page","link":"https:\/\/mademoiselle-deora.fr\/index.php\/pratiques-et-offrandes\/","title":{"rendered":"Pratiques et offrandes"},"content":{"rendered":"\t\t<div data-elementor-type=\"wp-page\" data-elementor-id=\"69\" class=\"elementor elementor-69\">\n\t\t\t\t<div class=\"elementor-element elementor-element-c079df6 e-flex e-con-boxed e-con e-parent\" data-id=\"c079df6\" data-element_type=\"container\" data-e-type=\"container\">\n\t\t\t\t\t<div class=\"e-con-inner\">\n\t\t\t\t<div class=\"elementor-element elementor-element-500da91 elementor-widget elementor-widget-heading\" data-id=\"500da91\" data-element_type=\"widget\" data-e-type=\"widget\" data-widget_type=\"heading.default\">\n\t\t\t\t<div class=\"elementor-widget-container\">\n\t\t\t\t\t<h2 class=\"elementor-heading-title elementor-size-small\"><span style=\"font-size: 37px\">Ce que je fais: <\/span><\/h2>\t\t\t\t<\/div>\n\t\t\t\t<\/div>\n\t\t\t\t\t<\/div>\n\t\t\t\t<\/div>\n\t\t<div class=\"elementor-element elementor-element-b60791c e-flex e-con-boxed e-con e-parent\" data-id=\"b60791c\" data-element_type=\"container\" data-e-type=\"container\">\n\t\t\t\t\t<div class=\"e-con-inner\">\n\t\t\t\t<div class=\"elementor-element elementor-element-24b9c01 elementor-widget elementor-widget-text-editor\" data-id=\"24b9c01\" data-element_type=\"widget\" data-e-type=\"widget\" data-widget_type=\"text-editor.default\">\n\t\t\t\t<div class=\"elementor-widget-container\">\n\t\t\t\t\t\t\t\t\t<ul>\n<li>Humiliation<\/li>\n<li>Insultes<\/li>\n<li>Crachats<\/li>\n<li>Gifles<\/li>\n<li>V\u00e9n\u00e9ration des pieds<\/li>\n<li>F\u00e9tichisme (nylon, latex, odeurs &#8230;)<\/li>\n<li>Ballbusting \/ CBT<\/li>\n<li>Impact play<\/li>\n<li>Waxplay (cire)<\/li>\n<li>Blackmail<\/li>\n<li>Chastet\u00e9<\/li>\n<li>Sissy<\/li>\n<li>Findom \/ Money slave<\/li>\n<li>Tickling (chatouilles)<\/li>\n<li>Feeding (nourriture)<\/li>\n<li>Contrainte \/ Bondage<\/li>\n<\/ul>\t\t\t\t\t\t\t\t<\/div>\n\t\t\t\t<\/div>\n\t\t\t\t\t<\/div>\n\t\t\t\t<\/div>\n\t\t<div class=\"elementor-element elementor-element-c5e511d e-flex e-con-boxed e-con e-parent\" data-id=\"c5e511d\" data-element_type=\"container\" data-e-type=\"container\">\n\t\t\t\t\t<div class=\"e-con-inner\">\n\t\t<div class=\"elementor-element elementor-element-a7c68c4 e-flex e-con-boxed e-con e-child\" data-id=\"a7c68c4\" data-element_type=\"container\" data-e-type=\"container\">\n\t\t\t\t\t<div class=\"e-con-inner\">\n\t\t\t\t<div class=\"elementor-element elementor-element-ae8930f animated-slow elementor-invisible elementor-widget elementor-widget-heading\" data-id=\"ae8930f\" data-element_type=\"widget\" data-e-type=\"widget\" data-settings=\"{&quot;_animation&quot;:&quot;fadeIn&quot;}\" data-widget_type=\"heading.default\">\n\t\t\t\t<div class=\"elementor-widget-container\">\n\t\t\t\t\t<h2 class=\"elementor-heading-title elementor-size-default\">Extras<\/h2>\t\t\t\t<\/div>\n\t\t\t\t<\/div>\n\t\t\t\t<div class=\"elementor-element elementor-element-6277384 elementor-widget elementor-widget-text-editor\" data-id=\"6277384\" data-element_type=\"widget\" data-e-type=\"widget\" data-widget_type=\"text-editor.default\">\n\t\t\t\t<div class=\"elementor-widget-container\">\n\t\t\t\t\t\t\t\t\t<ul><li>Caviar (+50\u20ac)<\/li><li>Uro (+50\u20ac)<\/li><li>Champagne \u00e0 boire (+50)<\/li><li>Anal \/ Gode- ceinture (+50\u20ac)<\/li><li>Bi forc\u00e9 (+100\u20ac)<\/li><li>Humiliation publique en club (+50\u20ac)<\/li><\/ul>\t\t\t\t\t\t\t\t<\/div>\n\t\t\t\t<\/div>\n\t\t\t\t\t<\/div>\n\t\t\t\t<\/div>\n\t\t\t\t\t<\/div>\n\t\t\t\t<\/div>\n\t\t<div class=\"elementor-element elementor-element-3801c4b e-flex e-con-boxed e-con e-parent\" data-id=\"3801c4b\" data-element_type=\"container\" data-e-type=\"container\">\n\t\t\t\t\t<div class=\"e-con-inner\">\n\t\t\t\t<div class=\"elementor-element elementor-element-5a648c5 elementor-widget elementor-widget-heading\" data-id=\"5a648c5\" data-element_type=\"widget\" data-e-type=\"widget\" data-widget_type=\"heading.default\">\n\t\t\t\t<div class=\"elementor-widget-container\">\n\t\t\t\t\t<h2 class=\"elementor-heading-title elementor-size-small\"><span style=\"font-size: 37px\">Ce que je ne fais pas : <\/span><\/h2>\t\t\t\t<\/div>\n\t\t\t\t<\/div>\n\t\t\t\t<div class=\"elementor-element elementor-element-5e066b0 elementor-widget elementor-widget-text-editor\" data-id=\"5e066b0\" data-element_type=\"widget\" data-e-type=\"widget\" data-widget_type=\"text-editor.default\">\n\t\t\t\t<div class=\"elementor-widget-container\">\n\t\t\t\t\t\t\t\t\t<ul><li>Anulingus \/ cunilingus<\/li><li>Fist anal \/vaginal<\/li><li>Nudit\u00e9<\/li><li>Vomi<\/li><li>Farting<\/li><li>Knifplay (couteaux)<\/li><li>Pratiques ill\u00e9gales<\/li><\/ul>\t\t\t\t\t\t\t\t<\/div>\n\t\t\t\t<\/div>\n\t\t\t\t\t<\/div>\n\t\t\t\t<\/div>\n\t\t\t\t<\/div>\n\t\t","protected":false},"excerpt":{"rendered":"<p>Ce que je fais: Humiliation Insultes Crachats Gifles V\u00e9n\u00e9ration des pieds F\u00e9tichisme (nylon, latex, odeurs &#8230;) Ballbusting \/ CBT Impact play Waxplay (cire) Blackmail Chastet\u00e9 Sissy Findom \/ Money slave<\/p>\n<p class=\"more-link\"><a href=\"https:\/\/mademoiselle-deora.fr\/index.php\/pratiques-et-offrandes\/\" class=\"readmore\">Continue reading<svg class=\"icon icon-arrow-right\" aria-hidden=\"true\" role=\"img\"> <use href=\"#icon-arrow-right\" xlink:href=\"#icon-arrow-right\"><\/use> <\/svg><span class=\"screen-reader-text\">Pratiques et offrandes<\/span><\/a><\/p>\n","protected":false},"author":1,"featured_media":0,"parent":0,"menu_order":0,"comment_status":"closed","ping_status":"closed","template":"","meta":{"footnotes":""},"class_list":["post-69","page","type-page","status-publish","hentry"],"_links":{"self":[{"href":"https:\/\/mademoiselle-deora.fr\/index.php\/wp-json\/wp\/v2\/pages\/69","targetHints":{"allow":["GET"]}}],"collection":[{"href":"https:\/\/mademoiselle-deora.fr\/index.php\/wp-json\/wp\/v2\/pages"}],"about":[{"href":"https:\/\/mademoiselle-deora.fr\/index.php\/wp-json\/wp\/v2\/types\/page"}],"author":[{"embeddable":true,"href":"https:\/\/mademoiselle-deora.fr\/index.php\/wp-json\/wp\/v2\/users\/1"}],"replies":[{"embeddable":true,"href":"https:\/\/mademoiselle-deora.fr\/index.php\/wp-json\/wp\/v2\/comments?post=69"}],"version-history":[{"count":5,"href":"https:\/\/mademoiselle-deora.fr\/index.php\/wp-json\/wp\/v2\/pages\/69\/revisions"}],"predecessor-version":[{"id":223,"href":"https:\/\/mademoiselle-deora.fr\/index.php\/wp-json\/wp\/v2\/pages\/69\/revisions\/223"}],"wp:attachment":[{"href":"https:\/\/mademoiselle-deora.fr\/index.php\/wp-json\/wp\/v2\/media?parent=69"}],"curies":[{"name":"wp","href":"https:\/\/api.w.org\/{rel}","templated":true}]}}